value of -94 + 64 - (-2 + (2 - (-1 + 4)))?
-27
Evaluate (-16 - 0 - -1) + 21.
6
Calculate (4 + 12 + -22 - -15) + (0 - 1).
8
-6 + 1 + (1670 - 1694)
-29
-26 + (2 + -6 - -16) - -5
-9
Evaluate -31 - 1 - (2089 - 2128).
7
-24 - -36 - 22 - -34
24
What is the value of -5 + (-3 - (2 + (-11 - -5))) + 4?
0
Calculate (-2301 - -2306) + (-25 - (1 - 0)).
-21
Calculate (-7 - -5 - (11 + -2)) + 7.
-4
Calculate (23 - -1) + 9 + (-12 - (-36 + 24)).
33
Evaluate 21 - (9 - ((-6 - 4) + 1 - -9)).
12
Evaluate 17 + 60 + -87 + (1 - -3).
-6
What is the value of -7 + -2 + 5 - ((-2 - 12) + 0)?
10
What is the value of 5 + -6 + -5 + 35 - (15 + -7)?
21
Calculate 0 + -24 + (257 - 245).
-12
Calculate 33 + -31 - (2 - -5 - (4 + 12)).
11
What is the value of 1 + (-1 - (-4 + 3 + (2 - 0)))?
-1
Calculate -14 + 9 + (15 - 9).
1
Calculate -10 + (1 - (-6 - -2)) + 5.
0
What is (-4 - 1 - (9 + -9)) + 5 - -4?
4
What is the value of (21 - (3 + 17)) + (2 - 8)?
-5
Evaluate -1 + -3 - (-1 - ((4 - 2) + -1)).
-2
12 - 6 - (-4 - (-3 - 1) - -4)
2
Evaluate 14 - (-5 - -4 - (4 - 10)).
9
What is the value of -71 - -54 - (-28 - -6)?
5
What is -42 + -26 + 33 - -33?
-2
What is the value of (41 - 14) + (18 - 47)?
-2
What is -12 + -1 + 23 + -2?
8
What is 6 + (-9 - (7 + -16 + 5)) + 5?
6
What is 19 - 27 - 0 - (-2 + 0)?
-6
(314 - 306) + -1 + -12 + 17
12
Calculate -99 + 68 + 27 - (-1 - 14 - 1).
12
(-18 - -16) + 7 - (2 - (-2 - 2))
-1
What is 5 + 0 - ((5 - (-8 + 21)) + 3)?
10
What is the value of 14 + -28 + (0 - -7)?
-7
What is -5 + (16 - 7) + 11 + (-3 - 1)?
11
(15 - -3) + -9 + -9 + 0 + -2
-2
Calculate -7 + 20 + 5 - 18.
0
Calculate -17 - -33 - 27 - -9 - (-1 + -4).
3
What is the value of (2 + 0 - (60 - 59)) + 1 + 0?
2
What is the value of 4 + (1 - (-2 + -1)) - (46 - 49)?
11
Calculate 12 + (13 - (1 - -5)).
19
Calculate -5 + 0 + 11 + -16 + 2.
-8
What is 7 + -1 - (67 - 34 - 28)?
1
What is the value of 0 + -15 + 242 + -228?
-1
What is the value of (-7 - (-18 - -11)) + 5 - (2 + 9)?
-6
Calculate (3 + -6 - -4) + 3 + 4 + 0.
8
-21 + (-18 + 37 - 7)
-9
Calculate -2 + -4 + -2 + -55 + 66.
3
What is the value of 3 - (18 - (5 - (-9 - -5))) - 5?
-11
What is 30 - 27 - (-10 + -1 + -16)?
30
What is 3 + -5 - (-9 + -5 - 6)?
18
3 - (-2 - 1) - (4 - (4 + -4))
2
What is the value of -36 + (-20 - -10 - -19) + 12?
-15
What is -2 + -10 + (11 - 5 - 8)?
-14
Evaluate -6 - (-15 - -20) - -12.
1
-13 + (28 - 10) - 2
3
Calculate (-1 - -14) + (-10 - (7 + -18 - 0)).
14
What is the value of (9 - (0 + (-6 - -6 - 1))) + -3?
7
What is 13 - (16 + 7) - -16 - 25?
-19
What is the value of 0 + (-7 - 0) + -148 + 145?
-10
Evaluate 22 + -14 - -11 - 24.
-5
What is (19 - 2) + -8 - (18 + 1)?
-10
What is the value of 11 + 16 + -13 + -12 + -10 + 0?
-8
Calculate -8 + 8 + 8 + 1 + 3.
12
Evaluate (11 - (11 - 17)) + -14.
3
What is -2 + 9 + -27 + 14 + -6?
-12
-3 + 6 + -2 + (-15 - -5 - -11)
2
3 - ((9 - -1) + 0 + (242 - 232))
-17
What is the value of 3 - (11 - (6 + 7))?
5
Evaluate -1 - 17 - (-52 + (93 - 46)).
-13
What is (8 - (-11 - 3) - 1) + -7?
14
Evaluate -80 - -70 - (5 + (2 - 39)).
22
Calculate (1 - (5 + (-11 - -4))) + 38 + -45.
-4
Evaluate (4 + -2 + -5 - 4) + (-9 - -17).
1
-12 + (-16 - -3) + 5 + (-7 - -6)
-21
Evaluate -19 - ((-1 - -6) + (0 - 1)).
-23
Calculate (11 - -1) + 216 + -237.
-9
Evaluate (1 - 5) + -1 + (14 - 24) + -7.
-22
Evaluate -20 + (51 - 43) - 22.
-34
What is the value of 31 + (0 - 11 - (35 + -36))?
21
Calculate 0 + (7 - (-25 + 22)).
10
(-3 - 1) + (-19 - -15) + 5 + 5
2
What is 3 + 21 + -21 - (-2 + -2 + -3)?
10
Evaluate -68 + 57 + (7 - 0) + (-6 - -5).
-5
What is (-5 - -27) + -21 + 8?
9
Calculate 16 - -12 - (6 + -8 - 2).
32
34 + -56 - -34 - (1 - (-1 + -3))
7
-7 + -3 + -9 + 16 + -6
-9
-70 - -78 - (10 + -14)
12
What is -18 + 8 + 5 - -4?
-1
What is the value of 0 + 7 + -9 - 3 - -1?
-4
9 + -18 + (-8 - 4) - (-8 - -2)
-15
What is the value of -43 + 30 + 24 + -1?
10
What is the value of 0 - (-2 + -4 + -2 + 2 - -25)?
-19
Evaluate (2 - (3 - -9)) + -30 + 37.
-3
What is the value of (-2 + -14 - 3) + (-150 - -147)?
-22
Evaluate 3 - ((-22 - -1) + -1 + -348 + 356).
17
Calculate (-11 - 1) + (28 - ((2 - 5) + 6)).
13
Evaluate 11 + -1 - ((-32 - -68) + -15).
-11
What is the value of -26 + 5 + 18 + -2?
-5
What is the value of 17 + (-12 - -9) + 12 + -4 + -5?
17
-69 + -25 + (33 - -27)
-34
What is 168 + -159 + 8 + (0 - -1) + -1?
17
Calculate 4 - 15 - (20 - (14 - -22)).
5
What is the value of -7 - (-7 + (-9 - (-7 + 6)))?
8
What is 5 + (-9 + 2 - -4) + (9 - 0)?
11
5 + (-5 - (-6 + 6 + 0)) + 2
2
1 + (-5 - (12 - (-1 - -9)))
-8
What is (23 - 59 - -43) + 6?
13
Calculate (-22 - 1) + (-10 - -53).
20
What is the value of 27 + -26 + -13 + -13?
-25
Calculate 29 + -18 + -16 + -17.
-22
What is 5 + (-4 + 11 + -5 - 9) + 8?
6
What is the value of 8 + (-5 - -2) + -7?
-2
(-11 - 0) + (63 - 48)
4
(-11 + 1 - -22) + -5 - -9
16
What is the value of 26 + (-8 + 7 - 13) + 0?
12
Calculate -1 + -8 + 15 + -46 + 37.
-3
What is (-13 + 9 - (7 + 6)) + 5?
-12
-34 + (39 - (6 + 13))
-14
What is -4 + -1 + 3 - (-12 + (13 - 21))?
18
What is (-1 + 0 - (-11 - 8)) + -215 + 215?
18
What is (7 - -3 - 8) + 17?
19
What is -5 + (1 + -9 + 1 - (-37 + 47))?
-22
Calculate 24 + 1 - (-15 + (27 - 3)).
16
What is the value of 21 - (8 + (9 - (0 + 8)))?
12
Evaluate -8 + 1 - ((-3 - -13) + -1 + -15).
-1
Evaluate 16 + 0 + (91 - 98) - 2.
7
What is (1 - (4 + -4 + 7)) + 5 + 3?
2
Evaluate -8 - (-6 + -2 + (2 - 12)).
10
Evaluate 0 + 1 - (-14 - (-13 - (-4 - 12))).
18
What is -8 + 1 + -1 - (-36 + 53 + -17)?
-8
What is 5 + ((-5 - 1) + 0 - (0 + -12))?
11
-5 + (-17 - -7) + 6
-9
What is -31 - (-32 + 7 - -10)?
-16
Evaluate -150 - -144 - ((0 - -2) + -23).
15
What is -2 + -22 + 23 + 15?
14
What is the value of 14 + 16 + -8 + -38?
-16
6 - (-11 - 3 - (2 - -3 - 5))
20
(64 - (22 + 9)) + -51
-18
What is the value of (-38 - -10) + 38 + -15?
-5
-13 + (-2 - (7 + (-5 - -1))) + 4
-14
Evaluate 1425 + -1440 + 5 + -1.
-11
What is -2 - (1 + 3 + 0) - -3 - 2?
-5
Calculate -5 - ((23 - 45) + (3 - 5) + 2).
17
(25 - 9) + -6 + -13 - (0 - -1)
-4
Evaluate (12 - -2) + -31 + 25.
8
18 - (1 - (0 + -14))
3
Evaluate 6 + 0 + -20 + 11.
-3
What is the value of (23 - -5) + (262 - 270)?
20
Evaluate 9 + 16 + -14 + (3 - 10) - -8.
12
3 - (17 - -9 - 13)
-10
What is 6 - (14 - -6) - 0?
-14
Calculate -3 - -2 - ((-1 - -2) + 6).
-8
Evaluate 13 + (1 - 9) + (1 - 6) - -9.
9
What is 12 + -3 + (-7 - -16)?
18
Evaluate -19 + 5 - (248 - 220).
-42
What is -4 + 5 - (11 + -17 - (-6 + 15))?
16
What is the value of (17 - (-17 - -25)) + (11 - (2 - -1))?
17
Calculate 22 - (11 - (13 + (6 - 17))).
13
(221 - 249) + (-1 - -13)
-16
What is 0 - 12 - (49 - (39 - -3))?
-19
Evaluate -1688 + 1665 + 0 + 0 + 6.
-17
What is the value of -35 + 27 + (-1 + 10 - -1)?
2
What is the value of -8 + (3 + 11 - 10)?
-4
Evaluate -11 + -2 + 6 + 9.
2
10 - (22 + (-4 - -2) + -3)
-7
-192 + 168 - (1 + 0 - -6)
-31
Evaluate -20 + 17 + 1 + -12.
-14
Evaluate 19 - (45 - 33) - 35.
-28
What is 12 + -16 + 18 + -25?
-11
What is the value of 1 + (34 - 26) + 1 + -17 - 7?
-14
What is -13 + 4 + 1 + -4 + 1?
-11
Calculate 3 + (-2 - (5 + 4 - -1)) + 3.
-6
Evaluate 27 + (0 - -5 - ((-2 - -3) + 10)).
21
Evaluate 31 + -4 + -16 - 2.
9
11 + -4 + (-2 + 0 - (-15 - -8))
12
What is -7 + -4 - -2 - -5 - -8 - -3?
7
What is (-5 - (0 - 15)) + 12 - 11 - 35?
-24
Calculate 3 - (8 - (7 + 2) - -19).
-15
-6 - (24 - 14 - 12)
-4
What is the value of -8 - (6 - (-6 - (-19 - -4)) - 1)?
-4
(3 - 1) + -1 + -6 - (-6 - -2)
-1
Calculate -37 + 23 + 37 + -57.
-34
Calculate (11 - 7) + 1 - 4 - (-4 + 2).
3
Evaluate (26 - (18 + 9)) + 0 + 11.
10
What is -3 + 7 + -2 + 10 - -12?
24
Calculate 12 + 7 + -12 + 7.
14
What is the value of (1 - -10) + -3 + 4 + -2 + -3?
7
39 + -1 - (139 - 114)
13
(15 - 1) + (28 - (19 + 13))
10
What is 44 - -1 - (256 + -237)?
26
Evaluate (10 - (1 + 2)) + -10 + (5 - -7).
9
What is the value of -23 + 8 + 26 + 14?
25
Calculate -8 - -17 - (-4 + 7 - -14).
-8
Evaluate 7 - 25 - (9 - ((-3 - 4) + 22)).
-12
(2 - (10 + -18) - -1) + -5
6
Calculate -20 + (-3 - (-13 - 2)).
-8
Evaluate 13 + -18 + 2 - ((-8 - -2) + 0).
3
What is (-1 + 19 - (-94 - -94)) + -45?
-27
What is the value of -33 - ((-46 - -13) + 25)?
-25
What is 44 - (6 + 21 - -1)?
16
Calculate 195 - 176 - (-12 + -1).
32
Calculate 26 + -7 + (-9 - -11).
21
(8 - 17) + (-1 + (-7 - -4) - 0)
-13
Calculate 19 - 0 - (230 - 232).
21
What is the